-3
Calculate 1 - (1 + 2 + -6).
4
Evaluate -34 + 30 + (-1 - (2 - 5)).
-2
What is the value of -5 + 10 - (3 - (-5 - 3))?
-6
-4 + (0 - 4) + -19 + 23
-4
What is the value of -1 - (4 - -3) - (-2 + -2)?
-4
Evaluate (0 - -1) + 0 + (-50 - -55).
6
What is the value of (0 - (-2 + 3)) + -3?
-4
-2 + -7 + 6 + -2
-5
What is 1 + -2 + -2 - -4?
1
What is the value of 2 + (9 - 1) + 6 + -11?
5
(-5 - -17) + -4 + (-19 - -14)
3
Evaluate 6 + (-7 - -2 - -4).
5
What is the value of (3 - -8) + -17 + 6?
0
Calculate (-4 - -2) + 1 - 0.
-1
Calculate 4 + (46 - 40) + (-3 - 0).
7
What is 3 + (4 - 6 - (-8 + 8))?
1
Calculate (2 - 5) + -25 + 29.
1
(-3 - 1) + (-2 - -2 - -7)
3
What is 2 + 5 + 1 + -3?
5
Calculate 35 - 38 - (-1 + 2).
-4
What is the value of -2 - -4 - ((5 - 2) + 0)?
-1
What is (4 - (1 - 1)) + -3?
1
What is 5 - (-26 - -22 - (-3 + -1))?
5
What is the value of -6 + 0 + 2 + (2 - 3)?
-5
What is -7 + (-1 - (-1 + -1 + -2))?
-4
-2 + 6 + -3 + 1 + -11
-9
Calculate 8 + -8 + -1 + -2 + 1.
-2
Evaluate -4 + 0 + (-10 - -17).
3
Evaluate 11 + -7 + -3 + (1 - 2).
0
-7 - (-6 + 3) - 5
-9
Calculate (11 + -9 - 5) + (1 - 0).
-2
4 + (0 - (-4 - -7) - 0)
1
Calculate 1 - (8 - (4 - 0)).
-3
What is 2 + 0 + -5 + 6?
3
Calculate -8 - (-7 - (-2 + 4 + -7)).
-6
8 + -10 + 8 + -6
0
(5 - 11 - -13) + -10
-3
Calculate -6 + 1 - (4 - 8) - 1.
-2
What is the value of 5 + 10 + -6 + -3?
6
(-3 - (-10 - -1)) + 8 + -12
2
Evaluate 39 - 33 - (-2 - -2).
6
What is the value of -8 + (-7 - -21) - 6?
0
What is the value of -4 + (4 - 18 - -7)?
-11
What is the value of -5 + 0 - (0 + -1)?
-4
What is -17 + 13 - -8 - (0 + -4)?
8
What is the value of -1 + -2 + 4 - 3 - 3?
-5
0 - (-1 - 1) - 1
1
What is 1 - (3 + (-3 + 0 - -4))?
-3
What is the value of 0 - (-1 + (-2 - 1))?
4
What is -2 + (1 - -4) + (-5 - -2)?
0
Calculate 37 + -37 + 3 + -6.
-3
Evaluate -2 + 0 + 2 + 5.
5
0 - ((2 - 5) + 4 + -4)
3
Evaluate -4 + (1 - (1 + -2) - 0).
-2
What is -33 - (3 - 14) - -13?
-9
Evaluate 0 - -4 - 3 - (8 + -2).
-5
What is (-52 - -55) + -2 + 0?
1
What is 0 + 1 - (14 - 9)?
-4
-9 + 0 + (-4 - -8)
-5
21 - 20 - (3 + 2)
-4
Evaluate 10 + -13 + 3 + -4 + 2.
-2
What is 1 - (-2 + -1) - (2 + 0)?
2
-6 + (15 - (-3 + 11))
1
Calculate -10 + (-2 - (-3 + -4)).
-5
What is -8 - (3 + 1) - -7?
-5
What is 1 + 5 + -4 - 2?
0
What is -11 + 11 + (1 - 0)?
1
What is the value of (9 - 3) + -2 - 4?
0
What is -3 + -3 - (-2 - -2 - 1)?
-5
What is -6 + 22 + -10 + -1 + -2?
3
(5 - 1) + -4 - (-3 + 4)
-1
Evaluate -9 - (1 + (1 - 4)) - -5.
-2
What is -2 + 2 - (2 + -7)?
5
Calculate -5 - (-3 - -1 - 5).
2
Evaluate (-11 - -2) + 6 + -4 - -4.
-3
11 + -7 - (-1 + 6)
-1
Calculate (-4 + -3 - -10) + -6.
-3
What is (-4 - -11 - 2) + 0 + -6?
-1
Calculate -20 + 23 + -3 + -1.
-1
What is ((-2 - -2) + 7 - 10) + 1?
-2
Calculate (153 - 156) + (1 - 2 - -2).
-2
(-5 - -2 - (9 + -12)) + -6
-6
What is (-2 - -3 - 3 - -1) + 0?
-1
1 - (-11 - -16) - (1 - 1)
-4
What is -2 + 3 + (7 - 5)?
3
1 - (-5 - (1 + -5))
2
What is (2 - (5 - 2)) + -3 - -10?
6
Evaluate -5 + (-8 - -15) + -2.
0
What is (5 - -1) + -4 - 5?
-3
2 - (-4 + 1 - (16 - 18))
3
3 + -1 + 0 - -3
5
What is the value of (4 + 0 - 2) + 8?
10
What is -6 + 5 + (-8 - -4) - -2?
-3
Calculate (6 - 4) + 1 - (0 - -8).
-5
2 - (4 + -4 + 3 - 3)
2
Evaluate (20 - 20) + (2 - -1).
3
What is the value of (-2 - -12) + -5 - (1 + 4)?
0
What is the value of (-2 - -3) + (-26 - -25)?
0
-2 + 0 - (65 - 60)
-7
What is the value of 1 - ((-3 - 2) + 15 + -6)?
-3
What is the value of 6 + (-1 - (-1 - -2))?
4
Calculate 4 + (0 - (4 + -3)).
3
Calculate 4 - (8 - 6) - (-1 + -1).
4
What is -1 + (3 - (1 + -1)) - -2?
4
Calculate -4 - (-6 - -2) - (6 - 2).
-4
6 - (-3 - (-11 - -6))
4
What is the value of (-1 - 4 - -4) + (3 - 1)?
1
What is (3 - (-1 + 9) - -3) + -3?
-5
Evaluate (-1 - -1) + 10 + -6.
4
-4 + (9 - 5) + (-5 - 0)
-5
Calculate (-4 - -5) + -7 + 6 + 6.
6
Evaluate 1 - (-2 + -7 - -20).
-10
1 - -2 - 0 - 5
-2
What is the value of 1 + -10 - (-8 + -1)?
0
Calculate -9 + 4 - ((-5 - 5) + 0).
5
Evaluate (-9 - -2) + 4 - 2.
-5
What is (-20 - -17) + (2 - 0 - 1)?
-2
Evaluate 7 + -9 - (-1 + -1).
0
Calculate 2 + -7 - -2 - -9.
6
What is the value of (-2 - (-11 - -15)) + 9?
3
6 + (9 - 26) + (-1 - -6)
-6
What is the value of (-2 - -1) + 2 + -5?
-4
Evaluate 0 + (19 - 9) + -3.
7
-4 + 12 + -4 + -4
0
What is the value of (-2 - -13) + -6 + -6?
-1
What is the value of 9 - 7 - (-2 - -1)?
3
What is the value of (8 - -3) + -4 - (5 - 4)?
6
What is 8 + 0 + -5 + 2 + -1?
4
-3 + -2 - (-7 - 0)
2
What is (-2 - -7) + -1 - 2?
2
Evaluate 6 - (-9 - -5 - -10).
0
Evaluate 0 + 3 + 0 - -2.
5
What is the value of 4 + (-13 - (-9 + 5))?
-5
What is the value of 7 + -7 + -1 - (-2 - 0)?
1
Evaluate 4 + -2 + 0 + 2.
4
Calculate 2 + -1 + 0 + 7 + -4.
4
Calculate -5 + -1 - (2 + -4).
-4
Evaluate (0 - (-1 + 1 + -1)) + 1.
2
Calculate 6 + -11 - 0 - (-2 + 3).
-6
What is 5 + (4 - 8) + -2?
-1
0 + -3 - (-5 - -3)
-1
What is the value of -9 - (-3 + (-13 - -7))?
0
Evaluate -7 + -3 + 5 + 2.
-3
-12 + 0 + (-79 - -92)
1
What is -3 + 5 + 4 - 8?
-2
Calculate 1 + (3 - 3) + -2.
-1
Evaluate -1 + (6 - 1 - (-13 - -11)).
6
Evaluate -1 - (-1 + 3) - (6 - 11).
2
Evaluate 11 + -4 - (-5 - -13).
-1
-2 + (1 + -3 - -6)
2
Calculate -9 + 0 - (-5 + 6 - 4).
-6
Evaluate (-10 - -2 - -2) + 4.
-2
-6 + 2 + (2 - 2) - 1
-5
Calculate (-7 - -17) + (-4 - 3).
3
Evaluate -7 + -3 - -7 - -11.
8
Calculate 15 + (-9 - (2 + 0)).
4
Evaluate 0 + -7 - (4 + 0 + -6).
-5
Evaluate -16 + 19 - (1 + -1 + -2).
5
Calculate -2 + 2 + (-4 - 1).
-5
What is the value of -6 + 3 - (0 + 6)?
-9
Calculate 0 + -3 + (-5 - -5).
-3
What is the value of -2 + -9 + 44 + -44?
-11
Calculate 3 + (2 - 2) + (37 - 45).
-5
Evaluate (6 - 0) + -11 + 1.
-4
What is the value of 4 - (-3 + 12 + 4 + -10)?
1
Evaluate -1 - (1 + (0 - 1)).
-1
What is the value of -4 - -5 - (-4 + 10)?
-5
Evaluate 4 + -11 + (-1 - -8).
0
What is (-25 - -51) + -9 - (6 - 0)?
11
Evaluate (-6 - -1) + 8 + -7 - -3.
-1
Evaluate 1 + 5 + -17 + 2 - -3.
-6
Evaluate (-1 - (-2 + (-11 - -8))) + -9.
-5
Evaluate -1 - -3 - 2 - (-9 - -5).
4
What is (-8 - -4) + (1 - 2) + 8?
3
What is the value of (-6 - (2 + -11)) + -2?
1
What is -2 + 2 - 9 - (24 + -30)?
-3
What is the value of (-1 - -1) + -9 + (-117 - -124)?
-2
Calculate -3 - (-4 + 2) - -5.
4
What is -1 + (-3 + 3 - -2) - 4?
-3
4 - ((-4 - -9) + -8 - -1)
6
What is 6 + (-2 - (6 - 8))?
6
Calculate 2 - (-1 + 8) - (1 - 4).
-2
(-2 - -1) + -10 + 11
0
Evaluate 8 + -2 + 0 + -3.
3
Evaluate -1 + -2 + 0 - (-1 - 0).
-2
Calculate -4 + -8 + 5 - -4.
-3
What is the value of -42 - -42 - (-1 + 5)?
-4
Evaluate 2 + 3 + -3 + (-8 - -2).
-4
3 + -1 + -1 + 2
3
Evaluate 6 - ((7 - 3) + -8).
10
What is 4 + (-9 - (3 + (-3 - 1)))?
-4
-7 - (-8 + -1 + 2)
0
Calculate -43 + 49 - (0 - 0 - -1).
5
What is the value of (-17 - (-14 + 8)) + 7?
-4
What is the value of (-4 - -2 - 0) + 5 + -5?
-2
What is the value of 6 + -5 + (-5 - -1)?
-3
What is the value of -1 + 7 + (-16 - -7)?
-3
Calculate (-18 - -12) + (3 - 1).
-4
Evaluate (6 - 7 - -9) + -2.
6
Evaluate (6 - 3 - 8) + 5.
0
Evaluate (1 - 10 - -4) + 1.
-4
3 + -1 - (-14 + 16)
0
What is 11 + (-5 - (5 + 5 + -12))?
8
Calculate (5 - 13) + -4 + 4.
-8
What is (-2 + -5 - (6 - 12)) + 1?
0
What is the value of 14 + -16 + 1 + -2 + -1?
-4
What is 8 - (-5 - -7) - 2?
4
What is 13 + -1 + -57 + 38?
-7
Evaluate -1 + -14 + 9 + -2 + 7.
-1
What is the value of 8 + -6 + -2 + -2 - 1?
-3
What is the value of -3 - -8 - (10 + -9)?
4
0 - (4 + 0 - (6 - -1))
3
Evaluate 3 + 0 + (-1 - -2 - 2).
2
What is the value of 7 + -12 + -2 - (0 - 2)?
-5
Calculate 1 + -7 + (3 - -6).
3
What is -1 + -3 - ((-13 - -1) + 6)?
2
Calculate (-2 + 2 - 0 - -3) + -5.
-2
Calculate (6 - (28 - 9)) + 21.
8
Calculate 8 + (-8 - 1) + -3.
-4
Evaluate 6 + (-7 - -10 - 2) + 0.
7
Evaluate (9 + -8 + 7 - 3) + -8.
-3
Calculate 3 + (7 - 3 - (8 - 0)).
-1
(2 - (2 + (0 - 2))) + -2
0
3 + 0 - (1 - (3 - 1))
4
Evaluate (2 - 3) + (-5 - (-2 + -1)).
-3
What is the value of 1 - (8 + -1) - (15 - 19)?
-2
Evaluate -2 - (-1 + -4 + 3).
0
What is -3 + 1 + -8 + 11 + -6?
-5
Evaluate (7 - (2 - -5)) + 3.
3
Evaluate 17 + -5 + -5 + 0 + -6.
1
What is 7 + -6 - (-1 + 5) - -4?
1
Calculate (4 - -4) + (6 - 9) + -1.
4
What is the value of 4 - (1 - (3 + -4))?
2
What is the value of -4 + (7 - 1) + -3?
-1
Evaluate 4 + -3 + 8 + -5.
4
Calculate 6 + (0 - (-1 + 2)).
5
Calculate -2 - ((-4 - -7) + -6).
1
-6 + 6 + -6 + 6
0
What is the value o